ve g(101).
-12
Let f(i) = -5980*i - 334878. Determine f(-56).
2
Let m(o) = -467*o + 95036. What is m(203)?
235
Let a(z) = -z**3 - 391*z**2 - 199*z - 77811. Calculate a(-391).
-2
Let p(q) = 2*q**2 + 8*q + 48. Determine p(-4).
48
Let u(p) = -170*p**2 + 32822*p - 2315. Calculate u(193).
1
Let c(y) = 8212*y + 4015669. Give c(-489).
1
Let z(u) = u**3 + 937*u**2 - 12557*u - 196669. What is z(-950)?
-19
Let u(w) = -w**2 + 339816*w - 20045668. Calculate u(59).
-5
Let o(v) = -3*v**2 - 304*v - 1545. Determine o(-96).
-9
Let h(q) = q**3 - 13*q**2 + 11*q + 288. Give h(9).
63
Let x(a) = -a**3 + 246*a**2 + 992*a - 776. What is x(250)?
-2776
Let l(i) = -32733*i + 72896389. What is l(2227)?
-2
Let w(k) = -56*k**3 - 1233*k**2 - 62*k - 891. Calculate w(-22).
-11
Let w(i) = 2*i**3 - 33*i**2 + 349*i - 1403. What is w(7)?
109
Let h(r) = r**3 + 82*r**2 + 1650*r + 221. What is h(-47)?
-14
Let r(h) = -2*h**2 - 2332*h + 14060. Calculate r(6).
-4
Let k(t) = 52*t**2 - 347*t + 272. Determine k(7).
391
Let m(a) = 1418*a - 5750. What is m(4)?
-78
Let a(u) = -u**2 + 50*u + 33. What is a(41)?
402
Let c(h) = h**2 + 13611*h + 9. Give c(0).
9
Let s(r) = 25*r**2 + 7032*r - 4818. Give s(-282).
258
Let v(o) = 29256*o - 292547. Calculate v(10).
13
Let v(y) = 2368*y - 4830. Determine v(2).
-94
Let m(g) = -12*g**3 - 4*g**2 + 784*g + 2350. Give m(-3).
286
Let i(c) = 144302*c + 433020. What is i(-3)?
114
Let l(x) = -x**3 - 54*x**2 - 102*x - 355. What is l(-52)?
-459
Let h(u) = 3823*u - 2798405. Determine h(732).
31
Let k(v) = 823*v + 6841. What is k(-9)?
-566
Let w(g) = 20*g**2 - 5021*g + 289961. Give w(161).
0
Let z(w) = w**3 + 16*w**2 - 166*w - 2591. What is z(-17)?
-58
Let a(w) = w**3 - 7978*w**2 - 63897*w - 74. Calculate a(-8).
-2
Let h(q) = -8*q**2 - 611*q - 1261. What is h(-74)?
145
Let o(w) = -w**3 + 80*w**2 + 343*w - 10. Determine o(-5).
400
Let x(q) = -2*q**3 - 85*q**2 + 224*q - 71. What is x(-45)?
-26
Let v(c) = -c**3 - 18*c**2 + 126*c - 13. Determine v(-23).
-266
Let d(l) = -102*l + 28151. What is d(276)?
-1
Let w(b) = -b**3 + 12*b**2 + 132*b - 295. Give w(2).
9
Let w(a) = a**3 + 39*a**2 - 652*a - 27716. Calculate w(-35).
4
Let r(m) = -28*m**2 - 764*m - 395. Give r(-27).
-179
Let x(p) = 4762*p - 18095. Determine x(4).
953
Let j(t) = 27*t**2 - 629*t - 358. Give j(24).
98
Let n(l) = -37*l**3 - 2478*l**2 + 60*l - 63. Give n(-67).
406
Let g(m) = 469*m - 6317. What is g(16)?
1187
Let o(r) = 16936*r - 84653. What is o(5)?
27
Let u(v) = -78716*v + 472291. Determine u(6).
-5
Let u(g) = -229*g**2 - 27933*g + 624. What is u(-122)?
14
Let y(z) = 2900*z + 2877. What is y(-1)?
-23
Let y(d) = d**3 + 24905*d**2 - 249149*d - 11. What is y(10)?
-1
Let y(a) = 2*a**3 + 98*a**2 - 214*a - 383. Calculate y(-51).
127
Let z(n) = 27*n**3 - 45*n**2 - 3*n + 61. What is z(-1)?
-8
Let u(p) = 99428*p - 497141. Calculate u(5).
-1
Let q(s) = 5*s**3 + 139*s**2 + 74*s + 577. Determine q(-27).
1495
Let h(o) = -91*o**2 + 644*o + 3096. Calculate h(10).
436
Let l(u) = -5564*u + 5. Calculate l(0).
5
Let y(v) = -43*v**2 - 22546*v + 15232. What is y(-525)?
7
Let n(b) = 1636*b - 32665. Give n(20).
55
Let r(b) = 2*b**2 + 310*b - 75740. Give r(-287).
28
Let p(q) = -6*q**3 - 14*q**2 + 11*q - 148. Calculate p(0).
-148
Let t(n) = -60*n**2 - 72*n - 31. What is t(-1)?
-19
Let y(r) = r**2 - 413*r - 5991. Determine y(427).
-13
Let s(g) = g**2 - 37386*g - 112165. What is s(-3)?
2
Let g(f) = -102*f**2 - 902*f + 140. Determine g(-9).
-4
Let b(j) = 3*j**2 - 102*j - 5900. Calculate b(66).
436
Let l(q) = -746*q + 10129. What is l(13)?
431
Let p(s) = -63772*s + 191313. Calculate p(3).
-3
Let l(j) = -2*j**2 - 28*j - 696. Calculate l(-38).
-2520
Let z(p) = 44612*p - 312196. Calculate z(7).
88
Let v(b) = -b**2 + 684*b - 49344. Calculate v(82).
20
Let x(n) = -n**3 - 25*n**2 + 3504*n + 434. Calculate x(48).
434
Let q(i) = -4*i**2 - 1127*i - 10622. Determine q(-272).
-14
Let y(a) = a**3 + 6*a**2 + 28*a + 185. Calculate y(-7).
-60
Let p(r) = 5*r**2 + 229*r - 746. Give p(-48).
-218
Let z(n) = -301*n - 21068. Give z(-69).
-299
Let l(v) = 32*v**2 - 36620*v + 73131. Calculate l(2).
19
Let c(t) = 42308*t + 211530. Determine c(-5).
-10
Let v(y) = 779*y**3 - 14024*y**2 + 33*y + 55. What is v(18)?
1
Let l(b) = -1514*b + 19621. Determine l(13).
-61
Let b(q) = -1119*q - 121189. Give b(-109).
782
Let f(s) = -103*s**3 + 3*s**2 - 6*s - 3. Determine f(-2).
845
Let f(d) = 34*d**2 + 2220*d - 232. Calculate f(-65).
-882
Let t(x) = 6943*x + 562385. Determine t(-81).
2
Let q(u) = -321*u + 11067. Calculate q(38).
-1131
Let f(h) = -h**3 + 117*h**2 - 981*h + 954. Give f(108).
-18
Let i(o) = -9*o**2 + 1285*o - 8934. Give i(7).
-380
Let h(q) = 23*q**2 + 8719*q - 7983. Determine h(-380).
-3
Let n(m) = 89*m + 10267. Give n(-117).
-146
Let o(r) = r**2 - 502*r - 152643. What is o(-213)?
-348
Let m(v) = -13*v**3 - 654*v**2 - 248*v - 2459. Calculate m(-50).
-59
Let i(b) = 4*b**2 - 537*b + 17716. What is i(58)?
26
Let o(s) = 1458*s + 151595. Give o(-104).
-37
Let u(y) = -397*y - 52529. Calculate u(-134).
669
Let o(f) = 72*f + 2275. Give o(-46).
-1037
Let f(n) = -33490*n - 301112. What is f(-9)?
298
Let v(r) = -435*r + 12136. What is v(29)?
-479
Let u(d) = 27017*d - 216139. Determine u(8).
-3
Let g(v) = -222*v - 2380. Determine g(-8).
-604
Let p(i) = -45*i**2 - 6971*i - 46035. Give p(-148).
-7
Let o(a) = 16853*a + 84265. Calculate o(-5).
0
Let m(z) = -192*z**2 + 18822*z - 347. Give m(98).
241
Let d(q) = -q**2 + 52*q + 5965. Give d(-56).
-83
Let l(g) = 16*g**2 + 1186*g - 176. Calculate l(-74).
-324
Let u(r) = -15010*r - 89916. Determine u(-6).
144
Let u(r) = 2*r**3 + 73*r**2 + 3488*r + 136881. Determine u(-38).
5
Let m(a) = -2*a**2 + 4898*a - 1764781. What is m(439)?
-1
Let k(w) = 29*w**2 + 479*w - 753. Calculate k(-18).
21
Let g(w) = 24*w**2 + 23124*w + 23122. Give g(-1).
22
Let v(k) = -4*k**2 + 3860*k + 54852. Give v(-14).
28
Let f(o) = 154*o + 3950. What is f(-25)?
100
Let q(n) = 733593*n - 5868748. What is q(8)?
-4
Let d(p) = -18*p**2 - 223*p - 571. What is d(-9)?
-22
Let p(u) = -96160*u - 480793. Calculate p(-5).
7
Let u(l) = 901*l**2 - 42337*l - 460. Give u(47).
10
Let y(z) = 41*z**2 - 27*z + 7. Give y(4).
555
Let n(d) = -3559*d - 153061. Give n(-43).
-24
Let s(y) = 2*y**3 + 45*y**2 + 76*y + 112. Determine s(-21).
-161
Let s(w) = 14268*w + 1398264. Determine s(-98).
0
Let v(o) = -3*o**3 - 88*o**2 - 43*o - 36. Give v(-6).
-2298
Let f(k) = -97*k**2 + 243*k - 394. Determine f(3).
-538
Let q(m) = m**3 - 3*m**2 + 110*m - 13. Give q(0).
-13
Let l(s) = s**3 + 6*s**2 + 105*s + 176. What is l(-2)?
-18
Let v(m) = -m**2 - 221*m + 9353. Calculate v(36).
101
Let g(t) = -t**2 - 4335*t + 1385535. Determine g(299).
-31
Let z(b) = 193*b + 7592. Give z(-41).
-321
Let w(v) = 8*v**2 + 35*v + 38. What is w(-30)?
6188
Let g(x) = 973*x + 18467. Calculate g(-19).
-20
Let g(y) = -38*y**2 + 1515*y + 91. Determine g(40).
-109
Let k(t) = -19*t**3 - 1274*t**2 + 1224*t + 4. Determine k(-68).
4
Let z(r) = -1040*r + 13522. Calculate z(13).
2
Let x(j) = -20*j**2 - 1046*j + 1781. Calculate x(-54).
-55
Let b(j) = -176*j**2 + 14079*j + 95. Determine b(80).
15
Let o(m) = -3702*m + 169875. Calculate o(46).
-417
Let w(n) = 2*n**3 + 246*n**2 + 422*n + 21720. What is w(-122)?
4
Let z(k) = -2*k**3 + 44*k**2 + 17*k + 448. What is z(22)?
822
Let j(k) = 123*k - 106. What is j(4)?
386
Let q(j) = 72*j**2 + 183*j - 385. What is q(-4)?
35
Let t(i) = 2596*i - 350648. Determine t(135).
-188
Let i(t) = 31096*t + 621925. Calculate i(-20).
5
Let y(f) = -3*f**3 + 9*f**2 + 177*f - 416. Determine y(8).
40
Let g(u) = 113*u**2 - 40340*u - 355. What is g(357)?
2
Let z(u) = 12*u**2 - 86*u + 89. Calculate z(6).
5
Let b(a) = a**2 - 1577*a + 224264. Determine b(158).
62
Let y(c) = -311*c**2 - 461*c + 916. Determine y(2).
-1250
Let q(t) = -252*t - 26884. Give q(-111).
1088
Let d(n) = -n**3 - 168*n**2 - 612*n + 33084. Determine d(-163).
-5
Let q(s) = 3*s**2 - 1005*s + 84164. Calculate q(168).
-4
Let m(l) = -l**3 - 330*l**2 + 736*l + 24622. Calculate m(-332).
718
Let y(u) = -2*u**2 + 272*u + 4453. Determine y(148).
901
Let z(s) = s**3 + 23*s**2 + 38*s + 38. Determine z(-21).
122
Let u(q) = 57*q**2 - 4641*q - 7426. Give u(83).
44
Let a(k) = -11790*k + 1450185. Calculate a(123).
15
Let w(v) = 12*v**2 - 2858*v + 6168. Determine 